{"id":348,"date":"2013-07-27T09:12:42","date_gmt":"2013-07-27T07:12:42","guid":{"rendered":"http:\/\/pierrepapon.fr\/?page_id=348"},"modified":"2023-02-16T10:42:00","modified_gmt":"2023-02-16T09:42:00","slug":"a-propos","status":"publish","type":"page","link":"http:\/\/pierrepapon.fr\/?page_id=348","title":{"rendered":"A propos"},"content":{"rendered":"<p><a href=\"http:\/\/pierrepapon.fr\/wp-content\/uploads\/2013\/07\/PierrePapon1.jpg\"><img loading=\"lazy\" decoding=\"async\" class=\"alignright size-full wp-image-349\" src=\"http:\/\/pierrepapon.fr\/wp-content\/uploads\/2013\/07\/PierrePapon1.jpg\" alt=\"PierrePapon\" width=\"150\" height=\"159\" srcset=\"http:\/\/pierrepapon.fr\/wp-content\/uploads\/2013\/07\/PierrePapon1.jpg 150w, http:\/\/pierrepapon.fr\/wp-content\/uploads\/2013\/07\/PierrePapon1-94x100.jpg 94w\" sizes=\"(max-width: 150px) 100vw, 150px\" \/><\/a>Pierre Papon, professeur \u00e9m\u00e9rite \u00e0 l&rsquo;Ecole sup\u00e9rieure de physique et chimie industrielles de Paris est un sp\u00e9cialiste de la thermodynamique des changements d\u00a0\u00bb\u00e9tat.<\/p>\n<p>Il a \u00e9t\u00e9 Directeur g\u00e9n\u00e9ral du CNRS et pr\u00e9sident-directeur g\u00e9n\u00e9ral de l&rsquo;IFREMER (Institut fran\u00e7ais de recherche pour l\u00a0\u00bbexploitation de la mer).<\/p>\n<p>Il est l\u2019un des deux commissaires scientifiques de la future exposition permanente sur l\u2019\u00e9nergie qui doit ouvrir, fin 2009, \u00e0 la Cit\u00e9 des sciences et de l&rsquo;industrie \u00e0 la Villette.<\/p>\n<p>ISSN : 2271-3255<\/p>\n<p>Pour contacter l&rsquo;auteur, vous pouvez utiliser le formulaire suivant:<\/p>\n<form method=\"post\" id=\"cntctfrm_contact_form\" class=\"cntctfrm_contact_form cntctfrm_one_column cntctfrm_ltr cntctfrm_width_default\" action=\"\/index.php?rest_route=%2Fwp%2Fv2%2Fpages%2F348#cntctfrm_contact_form\" enctype=\"multipart\/form-data\"><div id=\"cntctfrm_first_column\" class=\"cntctfrm_column\"><div class=\"cntctfrm_field_wrap cntctfrm_field_name_wrap\"namecontact><div class=\"cntctfrm_label cntctfrm_label_name\">\n\t\t\t\t\t\t\t\t\t<label for=\"cntctfrm_contact_name\">Nom: <span class=\"required\">*<\/span><\/label><\/div><div class=\"cntctfrm_input cntctfrm_input_name\">\n\t\t\t\t\t\t\t\t\t<input namecontact class=\"text\" type=\"text\" size=\"40\" pattern=\"^([\\p{L}\\p{M}]{2,}(\\s)*(\\p{L}+\\p{M}*-*){1,})|([\\p{L}\\p{M}]{3,})\" title=\"Veuillez saisir uniquement des lettres d'au moins 3 caract\u00e8res, les mots \u00e9tant s\u00e9par\u00e9s par des espaces\" value=\"\" name=\"cntctfrm_contact_name\" id=\"cntctfrm_contact_name\" \/><\/div><\/div><div class=\"cntctfrm_field_wrap cntctfrm_field_email_wrap\"email><div class=\"cntctfrm_label cntctfrm_label_email\">\n\t\t\t\t\t\t\t\t\t<label for=\"cntctfrm_contact_email\">Adresse e-mail: <span class=\"required\">*<\/span><\/label>\n\t\t\t\t\t\t\t\t<\/div><div class=\"cntctfrm_input cntctfrm_input_email\">\n\t\t\t\t\t\t\t\t\t<input email class=\"text\" type=\"email\" size=\"40\" value=\"\" name=\"cntctfrm_contact_email\" id=\"cntctfrm_contact_email\" \/><\/div><\/div><div class=\"cntctfrm_field_wrap cntctfrm_field_subject_wrap\"subject><div class=\"cntctfrm_label cntctfrm_label_subject\">\n\t\t\t\t\t\t\t\t\t<label for=\"cntctfrm_contact_subject\">Sujet: <span class=\"required\">*<\/span><\/label>\n\t\t\t\t\t\t\t\t<\/div><div class=\"cntctfrm_input cntctfrm_input_subject\">\n\t\t\t\t\t\t\t\t<input subject pattern=\"^\\p{L}{1,}([\\p{L}\\s]){2,}\" title=\"Please enter only letters at least 3 characters, words seperated by spaces\" class=\"text\" type=\"text\" size=\"40\" value=\"\" name=\"cntctfrm_contact_subject\" id=\"cntctfrm_contact_subject\" \/><\/div><\/div><div class=\"cntctfrm_field_wrap cntctfrm_field_message_wrap\"message><div class=\"cntctfrm_label cntctfrm_label_message\">\n\t\t\t\t\t\t\t\t<label for=\"cntctfrm_contact_message\">Message: <span class=\"required\">*<\/span><\/label>\n\t\t\t\t\t\t\t<\/div><div class=\"cntctfrm_input cntctfrm_input_message\">\n\t\t\t\t\t\t\t\t<textarea message rows=\"5\" cols=\"30\"name=\"cntctfrm_contact_message\" id=\"cntctfrm_contact_message\"><\/textarea><\/div><\/div><\/div><div class=\"clear\"><\/div><div class=\"cntctfrm_submit_wrap\"><div id=\"cntctfrm_submit_first_column\" class=\"cntctfrm_column\"><div class=\"cntctfrm_input cntctfrm_input_submit\"><input type=\"hidden\" value=\"send\" name=\"cntctfrm_contact_action\">\n\t\t\t\t\t\t\t<input type=\"hidden\" value=\"default\" name=\"cntctfrm_language\">\n\t\t\t\t\t\t\t<input type=\"hidden\" value=\"1\" name=\"cntctfrm_form_submited\">\n\t\t\t\t\t\t\t<input type=\"hidden\" value=\"cntctfrm_options\" name=\"cntctfrm_options_name\">\n\t\t\t\t\t\t\t<input type=\"submit\" value=\"Envoyer\" class=\"cntctfrm_contact_submit\" id=\"1\" \/>\n\t\t\t\t\t\t<\/div><\/div><div id=\"cntctfrm_submit_second_column\" class=\"cntctfrm_column\"><\/div><div class=\"clear\"><\/div>\n\t\t\t<\/div>\n\t\t\t<\/form>\n","protected":false},"excerpt":{"rendered":"<p>Pierre Papon, professeur \u00e9m\u00e9rite \u00e0 l&rsquo;Ecole sup\u00e9rieure de physique et chimie industrielles de Paris est un sp\u00e9cialiste de la thermodynamique des changements d\u00a0\u00bb\u00e9tat. Il a \u00e9t\u00e9 Directeur g\u00e9n\u00e9ral du CNRS et pr\u00e9sident-directeur g\u00e9n\u00e9ral de l&rsquo;IFREMER (Institut fran\u00e7ais de recherche pour l\u00a0\u00bbexploitation de la mer). Il est l\u2019un des deux commissaires scientifiques de la future exposition [&hellip;]<\/p>\n","protected":false},"author":1,"featured_media":0,"parent":0,"menu_order":0,"comment_status":"closed","ping_status":"closed","template":"","meta":{"footnotes":""},"_links":{"self":[{"href":"http:\/\/pierrepapon.fr\/index.php?rest_route=\/wp\/v2\/pages\/348"}],"collection":[{"href":"http:\/\/pierrepapon.fr\/index.php?rest_route=\/wp\/v2\/pages"}],"about":[{"href":"http:\/\/pierrepapon.fr\/index.php?rest_route=\/wp\/v2\/types\/page"}],"author":[{"embeddable":true,"href":"http:\/\/pierrepapon.fr\/index.php?rest_route=\/wp\/v2\/users\/1"}],"replies":[{"embeddable":true,"href":"http:\/\/pierrepapon.fr\/index.php?rest_route=%2Fwp%2Fv2%2Fcomments&post=348"}],"version-history":[{"count":9,"href":"http:\/\/pierrepapon.fr\/index.php?rest_route=\/wp\/v2\/pages\/348\/revisions"}],"predecessor-version":[{"id":1348,"href":"http:\/\/pierrepapon.fr\/index.php?rest_route=\/wp\/v2\/pages\/348\/revisions\/1348"}],"wp:attachment":[{"href":"http:\/\/pierrepapon.fr\/index.php?rest_route=%2Fwp%2Fv2%2Fmedia&parent=348"}],"curies":[{"name":"wp","href":"https:\/\/api.w.org\/{rel}","templated":true}]}}